
False
Is 474307 prime?
True
Is 6521 a composite number?
False
Is 184183 prime?
False
Is 157621 prime?
False
Is 769687 prime?
True
Is 592693 a composite number?
False
Is 13649 a prime number?
True
Is 111467 composite?
False
Is 485201 composite?
False
Is 3109 a prime number?
True
Is 86069 a prime number?
True
Is 880231 a prime number?
False
Is 469731 a prime number?
False
Is 189851 a prime number?
True
Is 1841 a composite number?
True
Is 39071 a prime number?
False
Is 7663 a prime number?
False
Is 28643 a prime number?
True
Is 21205 prime?
False
Is 166607 a composite number?
True
Is 368959 prime?
False
Is 3407 a composite number?
False
Is 5221 prime?
False
Is 2569 prime?
False
Is 706 a composite number?
True
Is 308405 composite?
True
Is 418791 composite?
True
Is 1459 a prime number?
True
Is 147754 a composite number?
True
Is 21077 composite?
True
Is 8641 a prime number?
True
Is 140617 a composite number?
False
Is 3389 prime?
True
Is 200597 a composite number?
False
Is 162577 composite?
False
Is 24865 prime?
False
Is 31111 a prime number?
False
Is 5623 a prime number?
True
Is 707459 composite?
False
Is 85679 a prime number?
False
Is 28789 prime?
True
Is 2183 prime?
False
Is 15871 a composite number?
True
Is 3785411 a prime number?
False
Is 5839 a composite number?
False
Is 50741 composite?
False
Is 391009 a composite number?
False
Is 394 a composite number?
True
Is 30593 prime?
True
Is 41171 composite?
True
Is 739099 a composite number?
False
Is 119 composite?
True
Is 9103 composite?
False
Is 169709 prime?
True
Is 3449 composite?
False
Is 86969 composite?
False
Is 19807 a composite number?
True
Is 1893 a composite number?
True
Is 3385 a composite number?
True
Is 61441 prime?
True
Is 128467 a prime number?
True
Is 3389 prime?
True
Is 526 a prime number?
False
Is 292693 prime?
True
Is 9293 a composite number?
False
Is 19949 prime?
True
Is 175951 composite?
True
Is 46559 composite?
False
Is 1002809 a prime number?
True
Is 248343 a prime number?
False
Is 2486027 a composite number?
False
Is 790169 a prime number?
True
Is 581003 a composite number?
True
Is 18119 prime?
True
Is 132603 prime?
False
Is 4977017 a prime number?
True
Is 82807 composite?
True
Is 10517 a prime number?
False
Is 141851 a composite number?
False
Is 17543 a prime number?
False
Is 15689 prime?
False
Is 31399 composite?
True
Is 422549 a composite number?
False
Is 74647 prime?
False
Is 29527 a composite number?
False
Is 7217 composite?
True
Is 4717 composite?
True
Is 88345 a composite number?
True
Is 5771 prime?
False
Is 882077 a prime number?
False
Is 1508329 a prime number?
False
Is 2123249 prime?
False
Is 26417 composite?
False
Is 301319 prime?
True
Is 19439 composite?
True
Is 2629 prime?
False
Is 44747 composite?
True
Is 34223 a composite number?
True
Is 4405 composite?
True
Is 16331 composite?
True
Is 2117 prime?
False
Is 44879 composite?
False
Is 40343 a prime number?
True
Is 99191 a composite number?
False
Is 125909 prime?
False
Is 4874 composite?
True
Is 1165643 composite?
False
Is 22121 a composite number?
True
Is 37299 composite?
True
Is 16049 a composite number?
True
Is 28949 composite?
False
Is 1405 prime?
False
Is 11599 composite?
True
Is 7251 a composite number?
True
Is 209681 a prime number?
False
Is 4894 composite?
True
Is 223 a composite number?
False
Is 61943 a prime number?
False
Is 185401 a prime number?
True
Is 25417 prime?
False
Is 219197 composite?
True
Is 20639 composite?
False
Is 1361 prime?
True
Is 569479 a composite number?
False
Is 1825379 composite?
False
Is 1759 prime?
True
Is 2545 a prime number?
False
Is 151941 composite?
True
Is 23605 prime?
False
Is 9713 prime?
False
Is 10529 composite?
False
Is 514561 a prime number?
True
Is 70019 prime?
True
Is 3295 composite?
True
Is 1031081 a composite number?
False
Is 666745 a composite number?
True
Is 331301 composite?
False
Is 43093 a composite number?
False
Is 58783 a prime number?
False
Is 2005 prime?
False
Is 292517 composite?
False
Is 58711 a composite number?
False
Is 84193 a composite number?
True
Is 4534739 a prime number?
False
Is 243413 prime?
False
Is 76771 composite?
False
Is 37847 composite?
False
Is 32831 composite?
False
Is 197939 a composite number?
True
Is 5219 composite?
True
Is 562169 a prime number?
True
Is 1361 composite?
False
Is 2497751 a composite number?
False
Is 650306 prime?
False
Is 545521 composite?
False
Is 1107133 a prime number?
False
Is 260674 a composite number?
True
Is 44353 composite?
True
Is 913661 composite?
True
Is 26498 a prime number?
False
Is 3504169 prime?
True
Is 97023 composite?
True
Is 1605913 prime?
True
Is 8639 composite?
True
Is 83243 a prime number?
True
Is 710951 composite?
False
Is 1085567 a composite number?
True
Is 1095577 composite?
True
Is 119597 composite?
True
Is 3823429 composite?
False
Is 568105 a composite number?
True
Is 218549 a composite number?
False
Is 555973 a composite number?
True
Is 31499 a composite number?
True
Is 506071 a prime number?
True
Is 24611 composite?
False
Is 482821 a prime number?
False
Is 51859 a prime number?
True
Is 181519 composite?
True
Is 4375461 a prime number?
False
Is 65761 a composite number?
False
Is 162343 prime?
True
Is 12581 prime?
False
Is 717839 a prime number?
False
Is 1795 composite?
True
Is 613 a prime number?
True
Is 14093 composite?
True
Is 15089 composite?
True
Is 2219 prime?
False
Is 16855 a composite number?
True
Is 47877 prime?
False
Is 835927 prime?
True
Is 34039 a prime number?
True
Is 189055 prime?
False
Is 601607 a composite number?
False
Is 58246 composite?
True
Is 4481 composite?
False
Is 10379 prime?
False
Is 908909 composite?
False
Is 7949 composite?
False
Is 23181 a composite number?
True
Is 29059 a prime number?
True
Is 220551 a composite number?
True
Is 11047 a prime number?
True
Is 2195 a composite number?
True
Is 94679 a composite number?
True
Is 15871 composite?
True
Is 226421 composite?
True
Is 1467337 a composite number?
False
Is 69591 prime?
False
Is 7113 a composite number?
True
Is 3046 composite?
True
Is 13439 composite?
True
Is 7522 composite?
True
Is 38137 a prime number?
False
Is 73069 prime?
False
Is 13801 prime?
False
Is 1139909 a prime number?
True
Is 7741 composite?
False
Is 11513 prime?
False
Is 1985 a composite number?
True
Is 509577 a composite number?
True
Is 576637 prime?
True
Is 419141 a prime number?
True
Is 2021 a composite number?
True
Is 37795 composite?
True
Is 13751 prime?
True
Is 310174 prime?
False
Is 55157 composite?
True
Is 282759 prime?
False
Is 701003 composite?
True
Is 5357 composite?
True
Is 17183 prime?
True
Is 119683 a prime number?
False
Is 986731 a composite number?
True
Is 293 a prime number?
True
Is 479 composite?
False
Is 14513 prime?
False
Is 80839 prime?
False
Is 83935 a composite number?
True
Is 145861 a prime number?
True
Is 216997 composite?
True
Is 19547 a composite number?
True
Is 117677 a composite number?
True
Is 18299 composite?
True
Is 316307 a prime number?
False
Is 26539 a prime number?
True
Is 145357 prime?
False
Is 12063 a prime number?
False
Is 531481 prime?
True
Is 82981 prime?
True
Is 6866 a prime number?
False
Is 158759 a prime number?
True
Is 108743 a composite number?
True
Is 101641 composite?
False
Is 1669 prime?
True
Is 129205 a prime number?
False
Is 272393 a prime number?
False
Is 299747 composite?
True
Is 3409 composite?
True
Is 7741979 a prime number?
False
Is 7103 composite?
False
Is 105439 a prime number?
False
Is 3371 a prime number?
True
Is 21173 prime?
False
Is 89939 composite?
False
Is 227651 a prime number?
True
Is 8249 a composite number?
True
Is 781453 prime?
True
Is 91253 a prime number?
True
Is 390809 prime?
True
Is 22817 prime?
True
Is 119222 composite?
True
Is 26066 prime?
False
Is 20017 a prime number?
False
Is 8743 prime?
False
Is 1621 composite?
False
Is 2328953 prime?
False
Is 251 a composite number?
False
Is 13381 composite?
False
Is 73317 composite?
True
Is 317029 composite?
False
Is 86747 prime?
False
Is 76071 a composite number?
True
Is 163841 composite?
False
Is 38501 a composite number?
False
Is 110017 a composite number?
False
Is 25819 composite?
False
Is 7249 a composite number?
True
Is 12557 prime?
False
Is 36415 a prime number?
False
Is 5207 prime?
False
Is 169178 a composite number?
True
Is 